{"id":145,"date":"2024-03-23T18:57:24","date_gmt":"2024-03-23T17:57:24","guid":{"rendered":"https:\/\/evesolutions.fr\/?page_id=145"},"modified":"2026-04-20T16:38:40","modified_gmt":"2026-04-20T14:38:40","slug":"conciergerie","status":"publish","type":"page","link":"https:\/\/evesolutions.fr\/index.php\/conciergerie\/","title":{"rendered":"Conciergerie"},"content":{"rendered":"\n<div class=\"wp-block-group\"><div class=\"wp-block-group__inner-container is-layout-constrained wp-block-group-is-layout-constrained\">\n<div class=\"wp-block-group is-vertical is-layout-flex wp-container-core-group-is-layout-1 wp-block-group-is-layout-flex\">\n<h2 class=\"wp-block-heading has-text-align-left\">Vous poss\u00e9dez une r\u00e9sidence  secondaire et vous h\u00e9sitez \u00e0 la mettre en location ? <\/h2>\n<\/div>\n<\/div><\/div>\n\n\n\n<p class=\"has-medium-font-size\"><strong>Eve&rsquo;solutions<\/strong> travaille avec <a href=\"https:\/\/cocoonr.fr\/\">Cocoonr<\/a> qui est une plateforme de r\u00e9servation pour les locations saisonni\u00e8re. <strong>Eve&rsquo;Solutions<\/strong> n&rsquo;est pas commissionn\u00e9e par <strong>Cocoonr<\/strong>, elle est r\u00e9f\u00e9renc\u00e9e sur leur site comme<a href=\"https:\/\/cocoonr.fr\/conciergerie\/evesolutions-403\/\"> concierge de confiance.<\/a><\/p>\n\n\n<div class=\"wp-block-image\">\n<figure class=\"aligncenter size-full\"><img loading=\"lazy\" decoding=\"async\" width=\"381\" height=\"283\" src=\"https:\/\/evesolutions.fr\/wp-content\/uploads\/2026\/04\/etoiles-cocoonr-1.png\" alt=\"\" class=\"wp-image-662\" srcset=\"https:\/\/evesolutions.fr\/wp-content\/uploads\/2026\/04\/etoiles-cocoonr-1.png 381w, https:\/\/evesolutions.fr\/wp-content\/uploads\/2026\/04\/etoiles-cocoonr-1-300x223.png 300w\" sizes=\"(max-width: 381px) 100vw, 381px\" \/><\/figure><\/div>\n\n\n<p class=\"has-medium-font-size\">Eve travaille avec <strong>Cocoonr<\/strong> depuis plusieurs ann\u00e9es, elle a pu constater que le taux d&rsquo;ocupation des biens de ses clients \u00e0 concid\u00e9rablement augmentat\u00e9.<\/p>\n\n\n\n<p class=\"has-medium-font-size\">Si vous signez avec<strong> Cocoonr , <\/strong>vous aurez la possibilit\u00e9 d&rsquo;\u00eatre vu sur une vingtaine de sites de location. Votre annonce sera pr\u00e9sente sur la plus par des sites et cela augmentera vos possibilit\u00e9s de remplir votre calendrier.Les \u00e9quipes de <strong>Cocoonr <\/strong>s&rsquo;occupent d&rsquo;organiser les photos et vous proposent de r\u00e9diger l&rsquo;annonce pour vous par un conseiller sp\u00e9cialiser en marketing. Visitez <a href=\"https:\/\/cocoonr.fr\/proprietaires\/\">leur site <\/a>pour voir tous ce qu&rsquo;ils peuvent faire pour vous.<\/p>\n\n\n\n<p class=\"has-medium-font-size\">Chez<strong> Eve&rsquo;solutions<\/strong>, nous nous occupons d&rsquo;accueillir vos locataires en votre nom, nous vous tenons inform\u00e9 s&rsquo;il y a le moindre probl\u00e8me. Nous pr\u00e9f\u00e9rons la qualit\u00e9 du service, \u00e0 la quantit\u00e9 des biens \u00e0 g\u00e9rer. Nous sommes plus disponibles pour vous apporter un service personnalis\u00e9.   <\/p>\n\n\n\n<p class=\"has-medium-font-size\">Nous n&rsquo;affichons pas nos prix, car nous pr\u00e9f\u00e9rons d&rsquo;abord vous rencontrez pour \u00e9valuer vos besoins. Nous vous proposons un pack avec remise des cl\u00e9s 7\/7 (arriv\u00e9es et d\u00e9parts), m\u00e9nage et netoyage du linge en option. Nos tarifs sont calcul\u00e9s par raport \u00e0 la superfie de votre bien et du nombre de service dont vous avez besoin. <\/p>\n\n\n\n<h2 class=\"wp-block-heading\"><a href=\"https:\/\/evesolutions.fr\/index.php\/contact\/\">Contactez nous <\/a>pour en savoir plus. <\/h2>\n\n\n\n<div class=\"juiz_sps_links  counters_both juiz_sps_displayed_bottom\" data-post-id=\"145\">\n<p class=\"screen-reader-text juiz_sps_maybe_hidden_text\">Partager la publication \"Conciergerie\"<\/p>\n\n\t<ul class=\"juiz_sps_links_list juiz_sps_hide_name\"><li class=\"juiz_sps_item juiz_sps_link_facebook\"><a href=\"https:\/\/www.facebook.com\/sharer.php?u=https%3A%2F%2Fevesolutions.fr%2Findex.php%2Fwp-json%2Fwp%2Fv2%2Fpages%2F145\" rel=\"nofollow\"   title=\"Partager cet article sur Facebook\" class=\"juiz_sps_button\" data-nobs-key=\"facebook\"><span class=\"juiz_sps_icon jsps-facebook\"><\/span><span class=\"juiz_sps_network_name\">Facebook<\/span><\/a><\/li><li class=\"juiz_sps_item juiz_sps_link_whatsapp\"><a href=\"https:\/\/wa.me\/?text=%22Conciergerie%22%3A+https%3A%2F%2Fevesolutions.fr%2Findex.php%2Fwp-json%2Fwp%2Fv2%2Fpages%2F145\" rel=\"nofollow\"   title=\"Partager cet article sur WhatsApp\" class=\"juiz_sps_button\" data-nobs-key=\"whatsapp\"><span class=\"juiz_sps_icon jsps-whatsapp\"><\/span><span class=\"juiz_sps_network_name\">WhatsApp<\/span><\/a><\/li><li style=\"display:none;\" class=\"juiz_sps_item juiz_sps_link_shareapi\"><button type=\"button\" data-api-link=\"https:\/\/evesolutions.fr\/index.php\/conciergerie\/\"  title=\"Partager sur votre appli. favoris.\" class=\"juiz_sps_button\" data-nobs-key=\"shareapi\"><span class=\"juiz_sps_icon jsps-shareapi\"><\/span><span class=\"juiz_sps_network_name\">Partager...<\/span><\/button><script>\n\t\t\t\t\twindow.addEventListener(\"DOMContentLoaded\", function(){\n\t\t\t\t\t\tif ( navigator.share ) {\n\t\t\t\t\t\t\tlet shareurl = document.location.href;\n\t\t\t\t\t\t\tlet btns = document.querySelectorAll(\".juiz_sps_link_shareapi button:not([data-bound])\");\n\t\t\t\t\t\t\tconst canon = document.querySelector(\"link[rel=canonical]\");\n\n\t\t\t\t\t\t\tif (canon !== null) {\n\t\t\t\t\t\t\t\tshareurl = canon.href;\n\t\t\t\t\t\t\t}\n\n\t\t\t\t\t\t\tbtns.forEach(function(el) {\n\t\t\t\t\t\t\t\tel.closest(\".juiz_sps_link_shareapi\").removeAttribute( \"style\" );\n\t\t\t\t\t\t\t\tel.setAttribute( \"data-bound\", \"true\" );\n\t\t\t\t\t\t\t\tel.addEventListener(\"click\", async () => {\n\t\t\t\t\t\t\t\t\ttry {\n\t\t\t\t\t\t\t\t\t\tawait navigator.share({\n\t\t\t\t\t\t\t\t\t\t\ttitle: \"Conciergerie\",\n\t\t\t\t\t\t\t\t\t\t\ttext: \"Conciergerie - \",\n\t\t\t\t\t\t\t\t\t\t\turl: shareurl,\n\t\t\t\t\t\t\t\t\t\t});\n\t\t\t\t\t\t\t\t\t\tconsole.info(\"Nobs: Successful share\");\n\t\t\t\t\t\t\t\t\t} catch(err) {\n\t\t\t\t\t\t\t\t\t\tconsole.warn(\"Nobs: Error sharing\", error);\n\t\t\t\t\t\t\t\t\t}\n\t\t\t\t\t\t\t\t});\n\t\t\t\t\t\t\t});\n\t\t\t\t\t\t}\n\t\t\t\t\t});\n\t\t\t\t\t<\/script><\/li><li class=\"juiz_sps_item juiz_sps_link_mail\"><a href=\"mailto:?subject=Un%20bon%20site%20\u00e0%20visiter%20surs%20https:\/\/evesolutions.fr&#038;body=Salut%20!%20J&#039;ai%20trouv\u00e9%20cette%20information%20pour%20toi&nbsp;:%20Conciergerie&nbsp;!%20Voici%20le%20lien%20direct&nbsp;:%20https:\/\/evesolutions.fr\/index.php\/conciergerie\/%20Bonne%20journ\u00e9e%20:)\" rel=\"nofollow\"   title=\"Partager cette publication avec un ami (e-mail)\" class=\"juiz_sps_button\" data-nobs-key=\"mail\"><span class=\"juiz_sps_icon jsps-mail\"><\/span><span class=\"juiz_sps_network_name\">E-mail<\/span><\/a><\/li><li class=\"juiz_sps_item juiz_sps_link_bookmark\"><a href=\"https:\/\/evesolutions.fr\/index.php\/conciergerie\/\" rel=\"nofollow\"   data-alert=\"Pressez %s pour marquer cette page.\" title=\"Marquer cette page (dans votre navigateur)\" class=\"juiz_sps_button\" data-nobs-key=\"bookmark\"><span class=\"juiz_sps_icon jsps-bookmark\"><\/span><span class=\"juiz_sps_network_name\">Marque-page<\/span><\/a><\/li><li class=\"juiz_sps_item juiz_sps_link_print\"><button type=\"button\" data-api-link=\"https:\/\/evesolutions.fr\/index.php\/conciergerie\/\"  title=\"Imprimer cette page\" class=\"juiz_sps_button\" data-nobs-key=\"print\"><span class=\"juiz_sps_icon jsps-print\"><\/span><span class=\"juiz_sps_network_name\">Imprimer<\/span><\/button><\/li><\/ul>\n\t<\/div>\n\n\n\n\n\n<p><\/p>\n","protected":false},"excerpt":{"rendered":"<p>Vous poss\u00e9dez une r\u00e9sidence secondaire et vous h\u00e9sitez \u00e0 la mettre en location ? Eve&rsquo;solutions travaille avec Cocoonr qui est une plateforme de r\u00e9servation pour les locations saisonni\u00e8re. Eve&rsquo;Solutions n&rsquo;est pas commissionn\u00e9e par Cocoonr, elle est r\u00e9f\u00e9renc\u00e9e sur leur site &hellip; <a class=\"kt-excerpt-readmore more-link\" href=\"https:\/\/evesolutions.fr\/index.php\/conciergerie\/\">Read More<\/a><\/p>\n","protected":false},"author":1,"featured_media":0,"parent":0,"menu_order":0,"comment_status":"closed","ping_status":"closed","template":"","meta":{"kt_blocks_editor_width":"","_kadence_starter_templates_imported_post":false,"footnotes":""},"yoast_head":"<!-- This site is optimized with the Yoast SEO plugin v24.2 - https:\/\/yoast.com\/wordpress\/plugins\/seo\/ -->\n<title>Conciergerie - Eve &#039; Solutions<\/title>\n<meta name=\"description\" content=\"Eve&#039;solutions travaille avec Book &amp; Pay qui est une plateforme de r\u00e9servation. Elle est une concierge de confiance r\u00e9f\u00e9renc\u00e9\u00e9 par book &amp; Pay.\" \/>\n<meta name=\"robots\" content=\"index, follow, max-snippet:-1, max-image-preview:large, max-video-preview:-1\" \/>\n<link rel=\"canonical\" href=\"https:\/\/evesolutions.fr\/index.php\/conciergerie\/\" \/>\n<meta property=\"og:locale\" content=\"fr_FR\" \/>\n<meta property=\"og:type\" content=\"article\" \/>\n<meta property=\"og:title\" content=\"Conciergerie - Eve &#039; Solutions\" \/>\n<meta property=\"og:description\" content=\"Eve&#039;solutions travaille avec Book &amp; Pay qui est une plateforme de r\u00e9servation. Elle est une concierge de confiance r\u00e9f\u00e9renc\u00e9\u00e9 par book &amp; Pay.\" \/>\n<meta property=\"og:url\" content=\"https:\/\/evesolutions.fr\/index.php\/conciergerie\/\" \/>\n<meta property=\"og:site_name\" content=\"Eve &#039; Solutions\" \/>\n<meta property=\"article:publisher\" content=\"https:\/\/www.facebook.com\/evesolutions.fr\/\" \/>\n<meta property=\"article:modified_time\" content=\"2026-04-20T14:38:40+00:00\" \/>\n<meta property=\"og:image\" content=\"https:\/\/evesolutions.fr\/wp-content\/uploads\/2026\/04\/etoiles-cocoonr-1.png\" \/>\n\t<meta property=\"og:image:width\" content=\"381\" \/>\n\t<meta property=\"og:image:height\" content=\"283\" \/>\n\t<meta property=\"og:image:type\" content=\"image\/png\" \/>\n<meta name=\"twitter:card\" content=\"summary_large_image\" \/>\n<meta name=\"twitter:label1\" content=\"Dur\u00e9e de lecture estim\u00e9e\" \/>\n\t<meta name=\"twitter:data1\" content=\"2 minutes\" \/>\n<script type=\"application\/ld+json\" class=\"yoast-schema-graph\">{\"@context\":\"https:\/\/schema.org\",\"@graph\":[{\"@type\":\"WebPage\",\"@id\":\"https:\/\/evesolutions.fr\/index.php\/conciergerie\/\",\"url\":\"https:\/\/evesolutions.fr\/index.php\/conciergerie\/\",\"name\":\"Conciergerie - Eve &#039; Solutions\",\"isPartOf\":{\"@id\":\"https:\/\/evesolutions.fr\/#website\"},\"primaryImageOfPage\":{\"@id\":\"https:\/\/evesolutions.fr\/index.php\/conciergerie\/#primaryimage\"},\"image\":{\"@id\":\"https:\/\/evesolutions.fr\/index.php\/conciergerie\/#primaryimage\"},\"thumbnailUrl\":\"https:\/\/evesolutions.fr\/wp-content\/uploads\/2026\/04\/etoiles-cocoonr-1.png\",\"datePublished\":\"2024-03-23T17:57:24+00:00\",\"dateModified\":\"2026-04-20T14:38:40+00:00\",\"description\":\"Eve'solutions travaille avec Book & Pay qui est une plateforme de r\u00e9servation. Elle est une concierge de confiance r\u00e9f\u00e9renc\u00e9\u00e9 par book & Pay.\",\"breadcrumb\":{\"@id\":\"https:\/\/evesolutions.fr\/index.php\/conciergerie\/#breadcrumb\"},\"inLanguage\":\"fr-FR\",\"potentialAction\":[{\"@type\":\"ReadAction\",\"target\":[\"https:\/\/evesolutions.fr\/index.php\/conciergerie\/\"]}]},{\"@type\":\"ImageObject\",\"inLanguage\":\"fr-FR\",\"@id\":\"https:\/\/evesolutions.fr\/index.php\/conciergerie\/#primaryimage\",\"url\":\"https:\/\/evesolutions.fr\/wp-content\/uploads\/2026\/04\/etoiles-cocoonr-1.png\",\"contentUrl\":\"https:\/\/evesolutions.fr\/wp-content\/uploads\/2026\/04\/etoiles-cocoonr-1.png\",\"width\":381,\"height\":283},{\"@type\":\"BreadcrumbList\",\"@id\":\"https:\/\/evesolutions.fr\/index.php\/conciergerie\/#breadcrumb\",\"itemListElement\":[{\"@type\":\"ListItem\",\"position\":1,\"name\":\"Accueil\",\"item\":\"https:\/\/evesolutions.fr\/\"},{\"@type\":\"ListItem\",\"position\":2,\"name\":\"Conciergerie\"}]},{\"@type\":\"WebSite\",\"@id\":\"https:\/\/evesolutions.fr\/#website\",\"url\":\"https:\/\/evesolutions.fr\/\",\"name\":\"Eve ' Solutions\",\"description\":\"A local helping hand\",\"publisher\":{\"@id\":\"https:\/\/evesolutions.fr\/#organization\"},\"potentialAction\":[{\"@type\":\"SearchAction\",\"target\":{\"@type\":\"EntryPoint\",\"urlTemplate\":\"https:\/\/evesolutions.fr\/?s={search_term_string}\"},\"query-input\":{\"@type\":\"PropertyValueSpecification\",\"valueRequired\":true,\"valueName\":\"search_term_string\"}}],\"inLanguage\":\"fr-FR\"},{\"@type\":\"Organization\",\"@id\":\"https:\/\/evesolutions.fr\/#organization\",\"name\":\"Eve ' Solutions\",\"url\":\"https:\/\/evesolutions.fr\/\",\"logo\":{\"@type\":\"ImageObject\",\"inLanguage\":\"fr-FR\",\"@id\":\"https:\/\/evesolutions.fr\/#\/schema\/logo\/image\/\",\"url\":\"https:\/\/evesolutions.fr\/wp-content\/uploads\/2024\/04\/logo-GrandModele.jpg\",\"contentUrl\":\"https:\/\/evesolutions.fr\/wp-content\/uploads\/2024\/04\/logo-GrandModele.jpg\",\"width\":2087,\"height\":1079,\"caption\":\"Eve ' Solutions\"},\"image\":{\"@id\":\"https:\/\/evesolutions.fr\/#\/schema\/logo\/image\/\"},\"sameAs\":[\"https:\/\/www.facebook.com\/evesolutions.fr\/\"]}]}<\/script>\n<!-- \/ Yoast SEO plugin. -->","yoast_head_json":{"title":"Conciergerie - Eve &#039; Solutions","description":"Eve'solutions travaille avec Book & Pay qui est une plateforme de r\u00e9servation. Elle est une concierge de confiance r\u00e9f\u00e9renc\u00e9\u00e9 par book & Pay.","robots":{"index":"index","follow":"follow","max-snippet":"max-snippet:-1","max-image-preview":"max-image-preview:large","max-video-preview":"max-video-preview:-1"},"canonical":"https:\/\/evesolutions.fr\/index.php\/conciergerie\/","og_locale":"fr_FR","og_type":"article","og_title":"Conciergerie - Eve &#039; Solutions","og_description":"Eve'solutions travaille avec Book & Pay qui est une plateforme de r\u00e9servation. Elle est une concierge de confiance r\u00e9f\u00e9renc\u00e9\u00e9 par book & Pay.","og_url":"https:\/\/evesolutions.fr\/index.php\/conciergerie\/","og_site_name":"Eve &#039; Solutions","article_publisher":"https:\/\/www.facebook.com\/evesolutions.fr\/","article_modified_time":"2026-04-20T14:38:40+00:00","og_image":[{"width":381,"height":283,"url":"https:\/\/evesolutions.fr\/wp-content\/uploads\/2026\/04\/etoiles-cocoonr-1.png","type":"image\/png"}],"twitter_card":"summary_large_image","twitter_misc":{"Dur\u00e9e de lecture estim\u00e9e":"2 minutes"},"schema":{"@context":"https:\/\/schema.org","@graph":[{"@type":"WebPage","@id":"https:\/\/evesolutions.fr\/index.php\/conciergerie\/","url":"https:\/\/evesolutions.fr\/index.php\/conciergerie\/","name":"Conciergerie - Eve &#039; Solutions","isPartOf":{"@id":"https:\/\/evesolutions.fr\/#website"},"primaryImageOfPage":{"@id":"https:\/\/evesolutions.fr\/index.php\/conciergerie\/#primaryimage"},"image":{"@id":"https:\/\/evesolutions.fr\/index.php\/conciergerie\/#primaryimage"},"thumbnailUrl":"https:\/\/evesolutions.fr\/wp-content\/uploads\/2026\/04\/etoiles-cocoonr-1.png","datePublished":"2024-03-23T17:57:24+00:00","dateModified":"2026-04-20T14:38:40+00:00","description":"Eve'solutions travaille avec Book & Pay qui est une plateforme de r\u00e9servation. Elle est une concierge de confiance r\u00e9f\u00e9renc\u00e9\u00e9 par book & Pay.","breadcrumb":{"@id":"https:\/\/evesolutions.fr\/index.php\/conciergerie\/#breadcrumb"},"inLanguage":"fr-FR","potentialAction":[{"@type":"ReadAction","target":["https:\/\/evesolutions.fr\/index.php\/conciergerie\/"]}]},{"@type":"ImageObject","inLanguage":"fr-FR","@id":"https:\/\/evesolutions.fr\/index.php\/conciergerie\/#primaryimage","url":"https:\/\/evesolutions.fr\/wp-content\/uploads\/2026\/04\/etoiles-cocoonr-1.png","contentUrl":"https:\/\/evesolutions.fr\/wp-content\/uploads\/2026\/04\/etoiles-cocoonr-1.png","width":381,"height":283},{"@type":"BreadcrumbList","@id":"https:\/\/evesolutions.fr\/index.php\/conciergerie\/#breadcrumb","itemListElement":[{"@type":"ListItem","position":1,"name":"Accueil","item":"https:\/\/evesolutions.fr\/"},{"@type":"ListItem","position":2,"name":"Conciergerie"}]},{"@type":"WebSite","@id":"https:\/\/evesolutions.fr\/#website","url":"https:\/\/evesolutions.fr\/","name":"Eve ' Solutions","description":"A local helping hand","publisher":{"@id":"https:\/\/evesolutions.fr\/#organization"},"potentialAction":[{"@type":"SearchAction","target":{"@type":"EntryPoint","urlTemplate":"https:\/\/evesolutions.fr\/?s={search_term_string}"},"query-input":{"@type":"PropertyValueSpecification","valueRequired":true,"valueName":"search_term_string"}}],"inLanguage":"fr-FR"},{"@type":"Organization","@id":"https:\/\/evesolutions.fr\/#organization","name":"Eve ' Solutions","url":"https:\/\/evesolutions.fr\/","logo":{"@type":"ImageObject","inLanguage":"fr-FR","@id":"https:\/\/evesolutions.fr\/#\/schema\/logo\/image\/","url":"https:\/\/evesolutions.fr\/wp-content\/uploads\/2024\/04\/logo-GrandModele.jpg","contentUrl":"https:\/\/evesolutions.fr\/wp-content\/uploads\/2024\/04\/logo-GrandModele.jpg","width":2087,"height":1079,"caption":"Eve ' Solutions"},"image":{"@id":"https:\/\/evesolutions.fr\/#\/schema\/logo\/image\/"},"sameAs":["https:\/\/www.facebook.com\/evesolutions.fr\/"]}]}},"_links":{"self":[{"href":"https:\/\/evesolutions.fr\/index.php\/wp-json\/wp\/v2\/pages\/145"}],"collection":[{"href":"https:\/\/evesolutions.fr\/index.php\/wp-json\/wp\/v2\/pages"}],"about":[{"href":"https:\/\/evesolutions.fr\/index.php\/wp-json\/wp\/v2\/types\/page"}],"author":[{"embeddable":true,"href":"https:\/\/evesolutions.fr\/index.php\/wp-json\/wp\/v2\/users\/1"}],"replies":[{"embeddable":true,"href":"https:\/\/evesolutions.fr\/index.php\/wp-json\/wp\/v2\/comments?post=145"}],"version-history":[{"count":50,"href":"https:\/\/evesolutions.fr\/index.php\/wp-json\/wp\/v2\/pages\/145\/revisions"}],"predecessor-version":[{"id":677,"href":"https:\/\/evesolutions.fr\/index.php\/wp-json\/wp\/v2\/pages\/145\/revisions\/677"}],"wp:attachment":[{"href":"https:\/\/evesolutions.fr\/index.php\/wp-json\/wp\/v2\/media?parent=145"}],"curies":[{"name":"wp","href":"https:\/\/api.w.org\/{rel}","templated":true}]}}