{"id":143,"date":"2024-03-23T18:57:02","date_gmt":"2024-03-23T17:57:02","guid":{"rendered":"https:\/\/evesolutions.fr\/?page_id=143"},"modified":"2024-04-13T18:03:32","modified_gmt":"2024-04-13T16:03:32","slug":"formations","status":"publish","type":"page","link":"https:\/\/evesolutions.fr\/index.php\/formations\/","title":{"rendered":"Formations"},"content":{"rendered":"\n<p><strong>Everything is possible ! <\/strong>Accueillir un client anglophone en seulement quelques heures de formation.<\/p>\n\n\n\n<p>L&rsquo;accueil de la client\u00e8le \u00e9trang\u00e8re est souvent un facteur de stress pour de nombreux dirigeants d&rsquo;entreprises ou salari\u00e9s d\u00e9di\u00e9s \u00e0 l&rsquo;accueil, pourtant l&rsquo;accueil de base dans leur langue maternelle permet bien souvent se concr\u00e9tiser en une relation commerciale.<\/p>\n\n\n\n<p>C&rsquo;est donc le moment pour vous de professionnaliser votre accueil dans la langue de Shakespeare, avec une prise en compte des sp\u00e9cificit\u00e9s de votre m\u00e9tier et l&rsquo;utilisation d&rsquo;outil p\u00e9dagogique sur mesure (vid\u00e9o, journaux, . . .)<\/p>\n\n\n\n<p><strong>Open up to English ! <\/strong>Ouvrez vous \u00e0 l&rsquo;anglais<\/p>\n\n\n\n<p>Pensez dans sa langue maternelle et traduire est un exercice fastidieux et tr\u00e8s inefficaces car chaque langue poss\u00e8de ses propres structures.<\/p>\n\n\n\n<p>vous pensez surement que c&rsquo;est impossible car votre niveau en anglais est insuffisant et vous ne savez pas construire une phrase. Mais il n&rsquo;y a rien d&rsquo;impossible. No m\u00e9thodes sont simples et efficaces. Nous vous apprendrons des phrases types d\u00e9j\u00e0 construites.<\/p>\n\n\n\n<div class=\"juiz_sps_links  counters_both juiz_sps_displayed_bottom\" data-post-id=\"143\">\n<p class=\"screen-reader-text juiz_sps_maybe_hidden_text\">Partager la publication \"Formations\"<\/p>\n\n\t<ul class=\"juiz_sps_links_list juiz_sps_hide_name\"><li class=\"juiz_sps_item juiz_sps_link_facebook\"><a href=\"https:\/\/www.facebook.com\/sharer.php?u=https%3A%2F%2Fevesolutions.fr%2Findex.php%2Fwp-json%2Fwp%2Fv2%2Fpages%2F143\" rel=\"nofollow\"   title=\"Partager cet article sur Facebook\" class=\"juiz_sps_button\" data-nobs-key=\"facebook\"><span class=\"juiz_sps_icon jsps-facebook\"><\/span><span class=\"juiz_sps_network_name\">Facebook<\/span><\/a><\/li><li class=\"juiz_sps_item juiz_sps_link_whatsapp\"><a href=\"https:\/\/wa.me\/?text=%22Formations%22%3A+https%3A%2F%2Fevesolutions.fr%2Findex.php%2Fwp-json%2Fwp%2Fv2%2Fpages%2F143\" rel=\"nofollow\"   title=\"Partager cet article sur WhatsApp\" class=\"juiz_sps_button\" data-nobs-key=\"whatsapp\"><span class=\"juiz_sps_icon jsps-whatsapp\"><\/span><span class=\"juiz_sps_network_name\">WhatsApp<\/span><\/a><\/li><li style=\"display:none;\" class=\"juiz_sps_item juiz_sps_link_shareapi\"><button type=\"button\" data-api-link=\"https:\/\/evesolutions.fr\/index.php\/formations\/\"  title=\"Partager sur votre appli. favoris.\" class=\"juiz_sps_button\" data-nobs-key=\"shareapi\"><span class=\"juiz_sps_icon jsps-shareapi\"><\/span><span class=\"juiz_sps_network_name\">Partager...<\/span><\/button><script>\n\t\t\t\t\twindow.addEventListener(\"DOMContentLoaded\", function(){\n\t\t\t\t\t\tif ( navigator.share ) {\n\t\t\t\t\t\t\tlet shareurl = document.location.href;\n\t\t\t\t\t\t\tlet btns = document.querySelectorAll(\".juiz_sps_link_shareapi button:not([data-bound])\");\n\t\t\t\t\t\t\tconst canon = document.querySelector(\"link[rel=canonical]\");\n\n\t\t\t\t\t\t\tif (canon !== null) {\n\t\t\t\t\t\t\t\tshareurl = canon.href;\n\t\t\t\t\t\t\t}\n\n\t\t\t\t\t\t\tbtns.forEach(function(el) {\n\t\t\t\t\t\t\t\tel.closest(\".juiz_sps_link_shareapi\").removeAttribute( \"style\" );\n\t\t\t\t\t\t\t\tel.setAttribute( \"data-bound\", \"true\" );\n\t\t\t\t\t\t\t\tel.addEventListener(\"click\", async () => {\n\t\t\t\t\t\t\t\t\ttry {\n\t\t\t\t\t\t\t\t\t\tawait navigator.share({\n\t\t\t\t\t\t\t\t\t\t\ttitle: \"Formations\",\n\t\t\t\t\t\t\t\t\t\t\ttext: \"Formations - \",\n\t\t\t\t\t\t\t\t\t\t\turl: shareurl,\n\t\t\t\t\t\t\t\t\t\t});\n\t\t\t\t\t\t\t\t\t\tconsole.info(\"Nobs: Successful share\");\n\t\t\t\t\t\t\t\t\t} catch(err) {\n\t\t\t\t\t\t\t\t\t\tconsole.warn(\"Nobs: Error sharing\", error);\n\t\t\t\t\t\t\t\t\t}\n\t\t\t\t\t\t\t\t});\n\t\t\t\t\t\t\t});\n\t\t\t\t\t\t}\n\t\t\t\t\t});\n\t\t\t\t\t<\/script><\/li><li class=\"juiz_sps_item juiz_sps_link_mail\"><a href=\"mailto:?subject=Un%20bon%20site%20\u00e0%20visiter%20surs%20https:\/\/evesolutions.fr&#038;body=Salut%20!%20J&#039;ai%20trouv\u00e9%20cette%20information%20pour%20toi&nbsp;:%20Formations&nbsp;!%20Voici%20le%20lien%20direct&nbsp;:%20https:\/\/evesolutions.fr\/index.php\/formations\/%20Bonne%20journ\u00e9e%20:)\" rel=\"nofollow\"   title=\"Partager cette publication avec un ami (e-mail)\" class=\"juiz_sps_button\" data-nobs-key=\"mail\"><span class=\"juiz_sps_icon jsps-mail\"><\/span><span class=\"juiz_sps_network_name\">E-mail<\/span><\/a><\/li><li class=\"juiz_sps_item juiz_sps_link_bookmark\"><a href=\"https:\/\/evesolutions.fr\/index.php\/formations\/\" rel=\"nofollow\"   data-alert=\"Pressez %s pour marquer cette page.\" title=\"Marquer cette page (dans votre navigateur)\" class=\"juiz_sps_button\" data-nobs-key=\"bookmark\"><span class=\"juiz_sps_icon jsps-bookmark\"><\/span><span class=\"juiz_sps_network_name\">Marque-page<\/span><\/a><\/li><li class=\"juiz_sps_item juiz_sps_link_print\"><button type=\"button\" data-api-link=\"https:\/\/evesolutions.fr\/index.php\/formations\/\"  title=\"Imprimer cette page\" class=\"juiz_sps_button\" data-nobs-key=\"print\"><span class=\"juiz_sps_icon jsps-print\"><\/span><span class=\"juiz_sps_network_name\">Imprimer<\/span><\/button><\/li><\/ul>\n\t<\/div>\n\n\n","protected":false},"excerpt":{"rendered":"<p>Everything is possible ! Accueillir un client anglophone en seulement quelques heures de formation. L&rsquo;accueil de la client\u00e8le \u00e9trang\u00e8re est souvent un facteur de stress pour de nombreux dirigeants d&rsquo;entreprises ou salari\u00e9s d\u00e9di\u00e9s \u00e0 l&rsquo;accueil, pourtant l&rsquo;accueil de base dans &hellip; <a class=\"kt-excerpt-readmore more-link\" href=\"https:\/\/evesolutions.fr\/index.php\/formations\/\">Read More<\/a><\/p>\n","protected":false},"author":1,"featured_media":0,"parent":0,"menu_order":0,"comment_status":"closed","ping_status":"closed","template":"","meta":{"kt_blocks_editor_width":"","_kadence_starter_templates_imported_post":false,"footnotes":""},"yoast_head":"<!-- This site is optimized with the Yoast SEO plugin v24.2 - https:\/\/yoast.com\/wordpress\/plugins\/seo\/ -->\n<title>Formations - Eve &#039; Solutions<\/title>\n<meta name=\"robots\" content=\"index, follow, max-snippet:-1, max-image-preview:large, max-video-preview:-1\" \/>\n<link rel=\"canonical\" href=\"https:\/\/evesolutions.fr\/index.php\/formations\/\" \/>\n<meta property=\"og:locale\" content=\"fr_FR\" \/>\n<meta property=\"og:type\" content=\"article\" \/>\n<meta property=\"og:title\" content=\"Formations - Eve &#039; Solutions\" \/>\n<meta property=\"og:description\" content=\"Everything is possible ! Accueillir un client anglophone en seulement quelques heures de formation. L&rsquo;accueil de la client\u00e8le \u00e9trang\u00e8re est souvent un facteur de stress pour de nombreux dirigeants d&rsquo;entreprises ou salari\u00e9s d\u00e9di\u00e9s \u00e0 l&rsquo;accueil, pourtant l&rsquo;accueil de base dans &hellip; Read More\" \/>\n<meta property=\"og:url\" content=\"https:\/\/evesolutions.fr\/index.php\/formations\/\" \/>\n<meta property=\"og:site_name\" content=\"Eve &#039; Solutions\" \/>\n<meta property=\"article:publisher\" content=\"https:\/\/www.facebook.com\/evesolutions.fr\/\" \/>\n<meta property=\"article:modified_time\" content=\"2024-04-13T16:03:32+00:00\" \/>\n<meta name=\"twitter:card\" content=\"summary_large_image\" \/>\n<meta name=\"twitter:label1\" content=\"Dur\u00e9e de lecture estim\u00e9e\" \/>\n\t<meta name=\"twitter:data1\" content=\"1 minute\" \/>\n<script type=\"application\/ld+json\" class=\"yoast-schema-graph\">{\"@context\":\"https:\/\/schema.org\",\"@graph\":[{\"@type\":\"WebPage\",\"@id\":\"https:\/\/evesolutions.fr\/index.php\/formations\/\",\"url\":\"https:\/\/evesolutions.fr\/index.php\/formations\/\",\"name\":\"Formations - Eve &#039; Solutions\",\"isPartOf\":{\"@id\":\"https:\/\/evesolutions.fr\/#website\"},\"datePublished\":\"2024-03-23T17:57:02+00:00\",\"dateModified\":\"2024-04-13T16:03:32+00:00\",\"breadcrumb\":{\"@id\":\"https:\/\/evesolutions.fr\/index.php\/formations\/#breadcrumb\"},\"inLanguage\":\"fr-FR\",\"potentialAction\":[{\"@type\":\"ReadAction\",\"target\":[\"https:\/\/evesolutions.fr\/index.php\/formations\/\"]}]},{\"@type\":\"BreadcrumbList\",\"@id\":\"https:\/\/evesolutions.fr\/index.php\/formations\/#breadcrumb\",\"itemListElement\":[{\"@type\":\"ListItem\",\"position\":1,\"name\":\"Accueil\",\"item\":\"https:\/\/evesolutions.fr\/\"},{\"@type\":\"ListItem\",\"position\":2,\"name\":\"Formations\"}]},{\"@type\":\"WebSite\",\"@id\":\"https:\/\/evesolutions.fr\/#website\",\"url\":\"https:\/\/evesolutions.fr\/\",\"name\":\"Eve ' Solutions\",\"description\":\"Comprendre, communiquer, r\u00e9ussir \/ Understand, communicate, succeed\",\"publisher\":{\"@id\":\"https:\/\/evesolutions.fr\/#organization\"},\"potentialAction\":[{\"@type\":\"SearchAction\",\"target\":{\"@type\":\"EntryPoint\",\"urlTemplate\":\"https:\/\/evesolutions.fr\/?s={search_term_string}\"},\"query-input\":{\"@type\":\"PropertyValueSpecification\",\"valueRequired\":true,\"valueName\":\"search_term_string\"}}],\"inLanguage\":\"fr-FR\"},{\"@type\":\"Organization\",\"@id\":\"https:\/\/evesolutions.fr\/#organization\",\"name\":\"Eve ' Solutions\",\"url\":\"https:\/\/evesolutions.fr\/\",\"logo\":{\"@type\":\"ImageObject\",\"inLanguage\":\"fr-FR\",\"@id\":\"https:\/\/evesolutions.fr\/#\/schema\/logo\/image\/\",\"url\":\"https:\/\/evesolutions.fr\/wp-content\/uploads\/2024\/04\/logo-GrandModele.jpg\",\"contentUrl\":\"https:\/\/evesolutions.fr\/wp-content\/uploads\/2024\/04\/logo-GrandModele.jpg\",\"width\":2087,\"height\":1079,\"caption\":\"Eve ' Solutions\"},\"image\":{\"@id\":\"https:\/\/evesolutions.fr\/#\/schema\/logo\/image\/\"},\"sameAs\":[\"https:\/\/www.facebook.com\/evesolutions.fr\/\"]}]}<\/script>\n<!-- \/ Yoast SEO plugin. -->","yoast_head_json":{"title":"Formations - Eve &#039; Solutions","robots":{"index":"index","follow":"follow","max-snippet":"max-snippet:-1","max-image-preview":"max-image-preview:large","max-video-preview":"max-video-preview:-1"},"canonical":"https:\/\/evesolutions.fr\/index.php\/formations\/","og_locale":"fr_FR","og_type":"article","og_title":"Formations - Eve &#039; Solutions","og_description":"Everything is possible ! Accueillir un client anglophone en seulement quelques heures de formation. L&rsquo;accueil de la client\u00e8le \u00e9trang\u00e8re est souvent un facteur de stress pour de nombreux dirigeants d&rsquo;entreprises ou salari\u00e9s d\u00e9di\u00e9s \u00e0 l&rsquo;accueil, pourtant l&rsquo;accueil de base dans &hellip; Read More","og_url":"https:\/\/evesolutions.fr\/index.php\/formations\/","og_site_name":"Eve &#039; Solutions","article_publisher":"https:\/\/www.facebook.com\/evesolutions.fr\/","article_modified_time":"2024-04-13T16:03:32+00:00","twitter_card":"summary_large_image","twitter_misc":{"Dur\u00e9e de lecture estim\u00e9e":"1 minute"},"schema":{"@context":"https:\/\/schema.org","@graph":[{"@type":"WebPage","@id":"https:\/\/evesolutions.fr\/index.php\/formations\/","url":"https:\/\/evesolutions.fr\/index.php\/formations\/","name":"Formations - Eve &#039; Solutions","isPartOf":{"@id":"https:\/\/evesolutions.fr\/#website"},"datePublished":"2024-03-23T17:57:02+00:00","dateModified":"2024-04-13T16:03:32+00:00","breadcrumb":{"@id":"https:\/\/evesolutions.fr\/index.php\/formations\/#breadcrumb"},"inLanguage":"fr-FR","potentialAction":[{"@type":"ReadAction","target":["https:\/\/evesolutions.fr\/index.php\/formations\/"]}]},{"@type":"BreadcrumbList","@id":"https:\/\/evesolutions.fr\/index.php\/formations\/#breadcrumb","itemListElement":[{"@type":"ListItem","position":1,"name":"Accueil","item":"https:\/\/evesolutions.fr\/"},{"@type":"ListItem","position":2,"name":"Formations"}]},{"@type":"WebSite","@id":"https:\/\/evesolutions.fr\/#website","url":"https:\/\/evesolutions.fr\/","name":"Eve ' Solutions","description":"Comprendre, communiquer, r\u00e9ussir \/ Understand, communicate, succeed","publisher":{"@id":"https:\/\/evesolutions.fr\/#organization"},"potentialAction":[{"@type":"SearchAction","target":{"@type":"EntryPoint","urlTemplate":"https:\/\/evesolutions.fr\/?s={search_term_string}"},"query-input":{"@type":"PropertyValueSpecification","valueRequired":true,"valueName":"search_term_string"}}],"inLanguage":"fr-FR"},{"@type":"Organization","@id":"https:\/\/evesolutions.fr\/#organization","name":"Eve ' Solutions","url":"https:\/\/evesolutions.fr\/","logo":{"@type":"ImageObject","inLanguage":"fr-FR","@id":"https:\/\/evesolutions.fr\/#\/schema\/logo\/image\/","url":"https:\/\/evesolutions.fr\/wp-content\/uploads\/2024\/04\/logo-GrandModele.jpg","contentUrl":"https:\/\/evesolutions.fr\/wp-content\/uploads\/2024\/04\/logo-GrandModele.jpg","width":2087,"height":1079,"caption":"Eve ' Solutions"},"image":{"@id":"https:\/\/evesolutions.fr\/#\/schema\/logo\/image\/"},"sameAs":["https:\/\/www.facebook.com\/evesolutions.fr\/"]}]}},"_links":{"self":[{"href":"https:\/\/evesolutions.fr\/index.php\/wp-json\/wp\/v2\/pages\/143"}],"collection":[{"href":"https:\/\/evesolutions.fr\/index.php\/wp-json\/wp\/v2\/pages"}],"about":[{"href":"https:\/\/evesolutions.fr\/index.php\/wp-json\/wp\/v2\/types\/page"}],"author":[{"embeddable":true,"href":"https:\/\/evesolutions.fr\/index.php\/wp-json\/wp\/v2\/users\/1"}],"replies":[{"embeddable":true,"href":"https:\/\/evesolutions.fr\/index.php\/wp-json\/wp\/v2\/comments?post=143"}],"version-history":[{"count":3,"href":"https:\/\/evesolutions.fr\/index.php\/wp-json\/wp\/v2\/pages\/143\/revisions"}],"predecessor-version":[{"id":265,"href":"https:\/\/evesolutions.fr\/index.php\/wp-json\/wp\/v2\/pages\/143\/revisions\/265"}],"wp:attachment":[{"href":"https:\/\/evesolutions.fr\/index.php\/wp-json\/wp\/v2\/media?parent=143"}],"curies":[{"name":"wp","href":"https:\/\/api.w.org\/{rel}","templated":true}]}}