{"id":14,"date":"2024-03-16T16:36:12","date_gmt":"2024-03-16T15:36:12","guid":{"rendered":"https:\/\/evesolutions.fr\/?page_id=14"},"modified":"2024-04-13T18:02:51","modified_gmt":"2024-04-13T16:02:51","slug":"a-propos","status":"publish","type":"page","link":"https:\/\/evesolutions.fr\/index.php\/a-propos\/","title":{"rendered":"A propos d&rsquo;Eve"},"content":{"rendered":"\n<h2 class=\"wp-block-heading has-black-color has-text-color has-link-color wp-elements-2accabbec57ec081b85879c2799e9031\">Qui est Eve&rsquo;solutions ? <\/h2>\n\n\n\n<p>Eve\u2019Solutions est une entreprise cr\u00e9\u00e9e en 2008 par&nbsp;<strong><em>Evelyne Mestres.<\/em><\/strong><\/p>\n\n\n\n<p>Eve est d\u2019origine de&nbsp;<a href=\"https:\/\/www.port-vendres.com\/\"><em>Port-Vendres<\/em>&nbsp;<\/a>dans les Pyr\u00e9n\u00e9es Orientales. Elle a s\u00e9journ\u00e9 et travaill\u00e9 en&nbsp;<a href=\"https:\/\/www.bournemouth.co.uk\/shopping\/bournemouth-town-centre-p2708793\"><em>Angleterre<\/em><\/a><em>&nbsp;<\/em>pendant pr\u00e8s de 10 ans o\u00f9 elle a d\u00e9velopp\u00e9 une passion pour la langue anglaise.<\/p>\n\n\n\n<h2 class=\"wp-block-heading has-black-color has-text-color has-link-color wp-elements-981fadd28d77dedff33338942f8b4c99\">Que propose-t-elle ? <\/h2>\n\n\n\n<p>A la cr\u00e9ation de Eve\u2019Solutions, Eve a voulu mettre ses connaissances de la langue et ses origines Fran\u00e7aises au service des Anglophones.<\/p>\n\n\n\n<p>Trouver une solution \u00e0 un probl\u00e8me n\u2019est d\u00e9j\u00e0 pas \u00e9vident pour un fran\u00e7ais. Eve a voulu cr\u00e9er une entreprise au service de ceux qui ne sont pas \u00e0 l\u2019aise avec le fran\u00e7ais, et plus particuli\u00e8rement les anglophones. D\u2019o\u00f9 le choix de son nom \u00ab&nbsp;Eve\u2019Solutions &nbsp;\u00bb qui veut dire \u00ab&nbsp;Les solutions d\u2019Eve&nbsp;\u00bb en anglais.<\/p>\n\n\n\n<h2 class=\"wp-block-heading has-black-color has-text-color has-link-color wp-elements-5951a7dddc4a95174d7607996807d320\">Pour qui le fait-elle ? <\/h2>\n\n\n\n<p>Avec les ann\u00e9es, de nombreux Anglophones perdus dans les d\u00e9marches administratives ont fait appel \u00e0 elle. Eve a toujours palli\u00e9 aux difficult\u00e9s rencontr\u00e9es et quand elle n\u2019\u00e9tait pas en mesure de le faire, elle les a dirig\u00e9 vers quelqu\u2019un apte \u00e0 le faire.<\/p>\n\n\n\n<h2 class=\"wp-block-heading has-black-color has-text-color has-link-color wp-elements-c140e6c941d71f19c1e3fabcd799d655\">Pourquoi fait-elle \u00e7a ? <\/h2>\n\n\n\n<p>Depuis qu\u2019Eve est en \u00e2ge de travailler, elle n\u2019a occup\u00e9 que des postes n\u00e9cessitant une relation avec la client\u00e8le. Sa passion d\u2019aider lui a trac\u00e9 une route vers la cr\u00e9ation de sa propre entreprise. Elle allie maintenant ses deux passions l\u2019anglais et son go\u00fbt pour l\u2019assistance aux personnes.<\/p>\n\n\n\n<h2 class=\"wp-block-heading has-black-color has-text-color has-link-color wp-elements-83f0c5abbb98cc56a3192639b8fc16e8\">Les autres services de Eve<\/h2>\n\n\n\n<p>Au fil des ann\u00e9es, Eve a ajout\u00e9 une corde \u00e0 son arc en proposant des formations \u00e0 l\u2019anglais. Elle a suivi tous les protocoles pour le faire dans la l\u00e9galit\u00e9.<\/p>\n\n\n\n<p>L\u2019entreprise&nbsp;<strong>Eve\u2019Solutions&nbsp;<\/strong>est \u00e9galement un centre de formation en langue anglaise avec la certification&nbsp;<a href=\"https:\/\/travail-emploi.gouv.fr\/formation-professionnelle\/acteurs-cadre-et-qualite-de-la-formation-professionnelle\/article\/qualiopi-marque-de-certification-qualite-des-prestataires-de-formation#:~:text=La%20certification%20%C2%AB%20Qualiopi%20%C2%BB%20est%20valable,une%20validit%C3%A9%20de%20quatre%20ans.\"><strong>QUALIOPI.<\/strong><\/a>&nbsp;Cette certification lui permet de faire des formations financ\u00e9es par la&nbsp;<a href=\"https:\/\/www.caissedesdepots.fr\/\">caisse de d\u00e9p\u00f4t&nbsp;<\/a>et donc par le compte&nbsp;<a href=\"https:\/\/www.moncompteformation.gouv.fr\/espace-prive\/html\/#\/\"><strong>CPF&nbsp;<\/strong><\/a>de tous salari\u00e9s ayant cotis\u00e9s un certain nombre d\u2019ann\u00e9e.<\/p>\n\n\n\n<p>La certification&nbsp;<a href=\"https:\/\/travail-emploi.gouv.fr\/formation-professionnelle\/acteurs-cadre-et-qualite-de-la-formation-professionnelle\/article\/qualiopi-marque-de-certification-qualite-des-prestataires-de-formation#:~:text=La%20certification%20%C2%AB%20Qualiopi%20%C2%BB%20est%20valable,une%20validit%C3%A9%20de%20quatre%20ans.\"><strong>QUALIOPI<\/strong><\/a><strong>&nbsp;<\/strong>lui permet \u00e9galement de faire des formations pour les entreprises qui souhaitent d\u00e9velopper la connaissance de la langue aupr\u00e8s de leurs salari\u00e9s ou bien au dirigeant lui m\u00eame.<\/p>\n\n\n\n<p>Toutes les entreprises cotisent au droit \u00e0 la formation. Ces cotisations sont g\u00e9r\u00e9es par leur&nbsp;<a href=\"https:\/\/www.opco.fr\/\">OPCO&nbsp;<\/a>qui finance les formations.<\/p>\n\n\n\n<p>Eve\u2019Solutions propose diff\u00e9rents types de formations. Il n\u2019est pas possible de toutes les citer car elles sont toutes personnalis\u00e9es. Le choix de la formation d\u00e9pend du niveaux de l\u2019apprenant, de ses objectifs et de la dur\u00e9e qu\u2019il veut et peut-y-investir.<\/p>\n\n\n\n<p>La plupart des formations sont individuelles car il n\u2019est pas \u00e9vident d\u2019avoir le m\u00eame niveau et les m\u00eames objectifs. Mais il peut y avoir des formations de groupe o\u00f9 un programme sp\u00e9cial sera mis en place.<\/p>\n\n\n\n<ul>\n<li>Apprendre les phrases de base pour partir en vacances.<\/li>\n\n\n\n<li>Comment accueillir et aider une client\u00e8le anglophone.<\/li>\n\n\n\n<li>Entrainement au test du&nbsp;<a href=\"https:\/\/www.etsglobal.org\/fr\/fr\/test-type-family\/test-toeic-listening-and-reading?gclid=Cj0KCQjwma6TBhDIARIsAOKuANyJ2D8B4Va20tGirK1OoXA1W8cgQqawCLqqSvSIHCYLJ0nFGijpYqYaAkIkEALw_wcB\"><strong>TOEIC.<\/strong><\/a><\/li>\n\n\n\n<li>Tenir une conversation d\u2019ordre g\u00e9n\u00e9ral ou professionnel.<\/li>\n<\/ul>\n\n\n\n<p>L\u2019anglais qu\u2019Eve enseigne est un anglais qu\u2019elle a appris en autodidacte en Angleterre. Certains de ses cours reprennent les bases de grammaire. Comme support, elle utilise un journal \u00e9dit\u00e9 en France et \u00e9crit en anglais. Cela permet de s\u2019entra\u00eener sur des articles qui parlent de la vie en France. Les sujets abord\u00e9s dans ce journal sont des sujets de la vie courante.<\/p>\n\n\n\n<p>Fini les cours sur Brian dans la cuisine ou bien sur la vie d\u2019un anglais en Angleterre. Place aux nouvelles m\u00e9thodes.<\/p>\n\n\n\n<div class=\"juiz_sps_links  counters_both juiz_sps_displayed_bottom\" data-post-id=\"14\">\n<p class=\"screen-reader-text juiz_sps_maybe_hidden_text\">Partager la publication \"A propos d&rsquo;Eve\"<\/p>\n\n\t<ul class=\"juiz_sps_links_list juiz_sps_hide_name\"><li class=\"juiz_sps_item juiz_sps_link_facebook\"><a href=\"https:\/\/www.facebook.com\/sharer.php?u=https%3A%2F%2Fevesolutions.fr%2Findex.php%2Fwp-json%2Fwp%2Fv2%2Fpages%2F14\" rel=\"nofollow\"   title=\"Partager cet article sur Facebook\" class=\"juiz_sps_button\" data-nobs-key=\"facebook\"><span class=\"juiz_sps_icon jsps-facebook\"><\/span><span class=\"juiz_sps_network_name\">Facebook<\/span><\/a><\/li><li class=\"juiz_sps_item juiz_sps_link_whatsapp\"><a href=\"https:\/\/wa.me\/?text=%22A%20propos%20d%27Eve%22%3A+https%3A%2F%2Fevesolutions.fr%2Findex.php%2Fwp-json%2Fwp%2Fv2%2Fpages%2F14\" rel=\"nofollow\"   title=\"Partager cet article sur WhatsApp\" class=\"juiz_sps_button\" data-nobs-key=\"whatsapp\"><span class=\"juiz_sps_icon jsps-whatsapp\"><\/span><span class=\"juiz_sps_network_name\">WhatsApp<\/span><\/a><\/li><li style=\"display:none;\" class=\"juiz_sps_item juiz_sps_link_shareapi\"><button type=\"button\" data-api-link=\"https:\/\/evesolutions.fr\/index.php\/a-propos\/\"  title=\"Partager sur votre appli. favoris.\" class=\"juiz_sps_button\" data-nobs-key=\"shareapi\"><span class=\"juiz_sps_icon jsps-shareapi\"><\/span><span class=\"juiz_sps_network_name\">Partager...<\/span><\/button><script>\n\t\t\t\t\twindow.addEventListener(\"DOMContentLoaded\", function(){\n\t\t\t\t\t\tif ( navigator.share ) {\n\t\t\t\t\t\t\tlet shareurl = document.location.href;\n\t\t\t\t\t\t\tlet btns = document.querySelectorAll(\".juiz_sps_link_shareapi button:not([data-bound])\");\n\t\t\t\t\t\t\tconst canon = document.querySelector(\"link[rel=canonical]\");\n\n\t\t\t\t\t\t\tif (canon !== null) {\n\t\t\t\t\t\t\t\tshareurl = canon.href;\n\t\t\t\t\t\t\t}\n\n\t\t\t\t\t\t\tbtns.forEach(function(el) {\n\t\t\t\t\t\t\t\tel.closest(\".juiz_sps_link_shareapi\").removeAttribute( \"style\" );\n\t\t\t\t\t\t\t\tel.setAttribute( \"data-bound\", \"true\" );\n\t\t\t\t\t\t\t\tel.addEventListener(\"click\", async () => {\n\t\t\t\t\t\t\t\t\ttry {\n\t\t\t\t\t\t\t\t\t\tawait navigator.share({\n\t\t\t\t\t\t\t\t\t\t\ttitle: \"A propos d\\'Eve\",\n\t\t\t\t\t\t\t\t\t\t\ttext: \"A propos d\\'Eve - \",\n\t\t\t\t\t\t\t\t\t\t\turl: shareurl,\n\t\t\t\t\t\t\t\t\t\t});\n\t\t\t\t\t\t\t\t\t\tconsole.info(\"Nobs: Successful share\");\n\t\t\t\t\t\t\t\t\t} catch(err) {\n\t\t\t\t\t\t\t\t\t\tconsole.warn(\"Nobs: Error sharing\", error);\n\t\t\t\t\t\t\t\t\t}\n\t\t\t\t\t\t\t\t});\n\t\t\t\t\t\t\t});\n\t\t\t\t\t\t}\n\t\t\t\t\t});\n\t\t\t\t\t<\/script><\/li><li class=\"juiz_sps_item juiz_sps_link_mail\"><a href=\"mailto:?subject=Un%20bon%20site%20\u00e0%20visiter%20surs%20https:\/\/evesolutions.fr&#038;body=Salut%20!%20J&#039;ai%20trouv\u00e9%20cette%20information%20pour%20toi&nbsp;:%20A%20propos%20d&rsquo;Eve&nbsp;!%20Voici%20le%20lien%20direct&nbsp;:%20https:\/\/evesolutions.fr\/index.php\/a-propos\/%20Bonne%20journ\u00e9e%20:)\" rel=\"nofollow\"   title=\"Partager cette publication avec un ami (e-mail)\" class=\"juiz_sps_button\" data-nobs-key=\"mail\"><span class=\"juiz_sps_icon jsps-mail\"><\/span><span class=\"juiz_sps_network_name\">E-mail<\/span><\/a><\/li><li class=\"juiz_sps_item juiz_sps_link_bookmark\"><a href=\"https:\/\/evesolutions.fr\/index.php\/a-propos\/\" rel=\"nofollow\"   data-alert=\"Pressez %s pour marquer cette page.\" title=\"Marquer cette page (dans votre navigateur)\" class=\"juiz_sps_button\" data-nobs-key=\"bookmark\"><span class=\"juiz_sps_icon jsps-bookmark\"><\/span><span class=\"juiz_sps_network_name\">Marque-page<\/span><\/a><\/li><li class=\"juiz_sps_item juiz_sps_link_print\"><button type=\"button\" data-api-link=\"https:\/\/evesolutions.fr\/index.php\/a-propos\/\"  title=\"Imprimer cette page\" class=\"juiz_sps_button\" data-nobs-key=\"print\"><span class=\"juiz_sps_icon jsps-print\"><\/span><span class=\"juiz_sps_network_name\">Imprimer<\/span><\/button><\/li><\/ul>\n\t<\/div>\n\n\n","protected":false},"excerpt":{"rendered":"<p>Qui est Eve&rsquo;solutions ? Eve\u2019Solutions est une entreprise cr\u00e9\u00e9e en 2008 par&nbsp;Evelyne Mestres. Eve est d\u2019origine de&nbsp;Port-Vendres&nbsp;dans les Pyr\u00e9n\u00e9es Orientales. Elle a s\u00e9journ\u00e9 et travaill\u00e9 en&nbsp;Angleterre&nbsp;pendant pr\u00e8s de 10 ans o\u00f9 elle a d\u00e9velopp\u00e9 une passion pour la langue anglaise. &hellip; <a class=\"kt-excerpt-readmore more-link\" href=\"https:\/\/evesolutions.fr\/index.php\/a-propos\/\">Read More<\/a><\/p>\n","protected":false},"author":1,"featured_media":0,"parent":0,"menu_order":0,"comment_status":"closed","ping_status":"closed","template":"","meta":{"kt_blocks_editor_width":"","_kadence_starter_templates_imported_post":false,"footnotes":""},"yoast_head":"<!-- This site is optimized with the Yoast SEO plugin v24.2 - https:\/\/yoast.com\/wordpress\/plugins\/seo\/ -->\n<title>A propos d&#039;Eve - Eve &#039; Solutions<\/title>\n<meta name=\"robots\" content=\"index, follow, max-snippet:-1, max-image-preview:large, max-video-preview:-1\" \/>\n<link rel=\"canonical\" href=\"https:\/\/evesolutions.fr\/index.php\/a-propos\/\" \/>\n<meta property=\"og:locale\" content=\"fr_FR\" \/>\n<meta property=\"og:type\" content=\"article\" \/>\n<meta property=\"og:title\" content=\"A propos d&#039;Eve - Eve &#039; Solutions\" \/>\n<meta property=\"og:description\" content=\"Qui est Eve&rsquo;solutions ? Eve\u2019Solutions est une entreprise cr\u00e9\u00e9e en 2008 par&nbsp;Evelyne Mestres. Eve est d\u2019origine de&nbsp;Port-Vendres&nbsp;dans les Pyr\u00e9n\u00e9es Orientales. Elle a s\u00e9journ\u00e9 et travaill\u00e9 en&nbsp;Angleterre&nbsp;pendant pr\u00e8s de 10 ans o\u00f9 elle a d\u00e9velopp\u00e9 une passion pour la langue anglaise. &hellip; Read More\" \/>\n<meta property=\"og:url\" content=\"https:\/\/evesolutions.fr\/index.php\/a-propos\/\" \/>\n<meta property=\"og:site_name\" content=\"Eve &#039; Solutions\" \/>\n<meta property=\"article:publisher\" content=\"https:\/\/www.facebook.com\/evesolutions.fr\/\" \/>\n<meta property=\"article:modified_time\" content=\"2024-04-13T16:02:51+00:00\" \/>\n<meta name=\"twitter:card\" content=\"summary_large_image\" \/>\n<meta name=\"twitter:label1\" content=\"Dur\u00e9e de lecture estim\u00e9e\" \/>\n\t<meta name=\"twitter:data1\" content=\"3 minutes\" \/>\n<script type=\"application\/ld+json\" class=\"yoast-schema-graph\">{\"@context\":\"https:\/\/schema.org\",\"@graph\":[{\"@type\":\"WebPage\",\"@id\":\"https:\/\/evesolutions.fr\/index.php\/a-propos\/\",\"url\":\"https:\/\/evesolutions.fr\/index.php\/a-propos\/\",\"name\":\"A propos d'Eve - Eve &#039; Solutions\",\"isPartOf\":{\"@id\":\"https:\/\/evesolutions.fr\/#website\"},\"datePublished\":\"2024-03-16T15:36:12+00:00\",\"dateModified\":\"2024-04-13T16:02:51+00:00\",\"breadcrumb\":{\"@id\":\"https:\/\/evesolutions.fr\/index.php\/a-propos\/#breadcrumb\"},\"inLanguage\":\"fr-FR\",\"potentialAction\":[{\"@type\":\"ReadAction\",\"target\":[\"https:\/\/evesolutions.fr\/index.php\/a-propos\/\"]}]},{\"@type\":\"BreadcrumbList\",\"@id\":\"https:\/\/evesolutions.fr\/index.php\/a-propos\/#breadcrumb\",\"itemListElement\":[{\"@type\":\"ListItem\",\"position\":1,\"name\":\"Accueil\",\"item\":\"https:\/\/evesolutions.fr\/\"},{\"@type\":\"ListItem\",\"position\":2,\"name\":\"A propos d&rsquo;Eve\"}]},{\"@type\":\"WebSite\",\"@id\":\"https:\/\/evesolutions.fr\/#website\",\"url\":\"https:\/\/evesolutions.fr\/\",\"name\":\"Eve ' Solutions\",\"description\":\"A local helping hand\",\"publisher\":{\"@id\":\"https:\/\/evesolutions.fr\/#organization\"},\"potentialAction\":[{\"@type\":\"SearchAction\",\"target\":{\"@type\":\"EntryPoint\",\"urlTemplate\":\"https:\/\/evesolutions.fr\/?s={search_term_string}\"},\"query-input\":{\"@type\":\"PropertyValueSpecification\",\"valueRequired\":true,\"valueName\":\"search_term_string\"}}],\"inLanguage\":\"fr-FR\"},{\"@type\":\"Organization\",\"@id\":\"https:\/\/evesolutions.fr\/#organization\",\"name\":\"Eve ' Solutions\",\"url\":\"https:\/\/evesolutions.fr\/\",\"logo\":{\"@type\":\"ImageObject\",\"inLanguage\":\"fr-FR\",\"@id\":\"https:\/\/evesolutions.fr\/#\/schema\/logo\/image\/\",\"url\":\"https:\/\/evesolutions.fr\/wp-content\/uploads\/2024\/04\/logo-GrandModele.jpg\",\"contentUrl\":\"https:\/\/evesolutions.fr\/wp-content\/uploads\/2024\/04\/logo-GrandModele.jpg\",\"width\":2087,\"height\":1079,\"caption\":\"Eve ' Solutions\"},\"image\":{\"@id\":\"https:\/\/evesolutions.fr\/#\/schema\/logo\/image\/\"},\"sameAs\":[\"https:\/\/www.facebook.com\/evesolutions.fr\/\"]}]}<\/script>\n<!-- \/ Yoast SEO plugin. -->","yoast_head_json":{"title":"A propos d'Eve - Eve &#039; Solutions","robots":{"index":"index","follow":"follow","max-snippet":"max-snippet:-1","max-image-preview":"max-image-preview:large","max-video-preview":"max-video-preview:-1"},"canonical":"https:\/\/evesolutions.fr\/index.php\/a-propos\/","og_locale":"fr_FR","og_type":"article","og_title":"A propos d'Eve - Eve &#039; Solutions","og_description":"Qui est Eve&rsquo;solutions ? Eve\u2019Solutions est une entreprise cr\u00e9\u00e9e en 2008 par&nbsp;Evelyne Mestres. Eve est d\u2019origine de&nbsp;Port-Vendres&nbsp;dans les Pyr\u00e9n\u00e9es Orientales. Elle a s\u00e9journ\u00e9 et travaill\u00e9 en&nbsp;Angleterre&nbsp;pendant pr\u00e8s de 10 ans o\u00f9 elle a d\u00e9velopp\u00e9 une passion pour la langue anglaise. &hellip; Read More","og_url":"https:\/\/evesolutions.fr\/index.php\/a-propos\/","og_site_name":"Eve &#039; Solutions","article_publisher":"https:\/\/www.facebook.com\/evesolutions.fr\/","article_modified_time":"2024-04-13T16:02:51+00:00","twitter_card":"summary_large_image","twitter_misc":{"Dur\u00e9e de lecture estim\u00e9e":"3 minutes"},"schema":{"@context":"https:\/\/schema.org","@graph":[{"@type":"WebPage","@id":"https:\/\/evesolutions.fr\/index.php\/a-propos\/","url":"https:\/\/evesolutions.fr\/index.php\/a-propos\/","name":"A propos d'Eve - Eve &#039; Solutions","isPartOf":{"@id":"https:\/\/evesolutions.fr\/#website"},"datePublished":"2024-03-16T15:36:12+00:00","dateModified":"2024-04-13T16:02:51+00:00","breadcrumb":{"@id":"https:\/\/evesolutions.fr\/index.php\/a-propos\/#breadcrumb"},"inLanguage":"fr-FR","potentialAction":[{"@type":"ReadAction","target":["https:\/\/evesolutions.fr\/index.php\/a-propos\/"]}]},{"@type":"BreadcrumbList","@id":"https:\/\/evesolutions.fr\/index.php\/a-propos\/#breadcrumb","itemListElement":[{"@type":"ListItem","position":1,"name":"Accueil","item":"https:\/\/evesolutions.fr\/"},{"@type":"ListItem","position":2,"name":"A propos d&rsquo;Eve"}]},{"@type":"WebSite","@id":"https:\/\/evesolutions.fr\/#website","url":"https:\/\/evesolutions.fr\/","name":"Eve ' Solutions","description":"A local helping hand","publisher":{"@id":"https:\/\/evesolutions.fr\/#organization"},"potentialAction":[{"@type":"SearchAction","target":{"@type":"EntryPoint","urlTemplate":"https:\/\/evesolutions.fr\/?s={search_term_string}"},"query-input":{"@type":"PropertyValueSpecification","valueRequired":true,"valueName":"search_term_string"}}],"inLanguage":"fr-FR"},{"@type":"Organization","@id":"https:\/\/evesolutions.fr\/#organization","name":"Eve ' Solutions","url":"https:\/\/evesolutions.fr\/","logo":{"@type":"ImageObject","inLanguage":"fr-FR","@id":"https:\/\/evesolutions.fr\/#\/schema\/logo\/image\/","url":"https:\/\/evesolutions.fr\/wp-content\/uploads\/2024\/04\/logo-GrandModele.jpg","contentUrl":"https:\/\/evesolutions.fr\/wp-content\/uploads\/2024\/04\/logo-GrandModele.jpg","width":2087,"height":1079,"caption":"Eve ' Solutions"},"image":{"@id":"https:\/\/evesolutions.fr\/#\/schema\/logo\/image\/"},"sameAs":["https:\/\/www.facebook.com\/evesolutions.fr\/"]}]}},"_links":{"self":[{"href":"https:\/\/evesolutions.fr\/index.php\/wp-json\/wp\/v2\/pages\/14"}],"collection":[{"href":"https:\/\/evesolutions.fr\/index.php\/wp-json\/wp\/v2\/pages"}],"about":[{"href":"https:\/\/evesolutions.fr\/index.php\/wp-json\/wp\/v2\/types\/page"}],"author":[{"embeddable":true,"href":"https:\/\/evesolutions.fr\/index.php\/wp-json\/wp\/v2\/users\/1"}],"replies":[{"embeddable":true,"href":"https:\/\/evesolutions.fr\/index.php\/wp-json\/wp\/v2\/comments?post=14"}],"version-history":[{"count":26,"href":"https:\/\/evesolutions.fr\/index.php\/wp-json\/wp\/v2\/pages\/14\/revisions"}],"predecessor-version":[{"id":263,"href":"https:\/\/evesolutions.fr\/index.php\/wp-json\/wp\/v2\/pages\/14\/revisions\/263"}],"wp:attachment":[{"href":"https:\/\/evesolutions.fr\/index.php\/wp-json\/wp\/v2\/media?parent=14"}],"curies":[{"name":"wp","href":"https:\/\/api.w.org\/{rel}","templated":true}]}}